{"id":33172,"date":"2021-02-16T18:04:14","date_gmt":"2021-02-16T18:04:14","guid":{"rendered":"https:\/\/tudominioip.com\/212\/?post_type=product&#038;p=33172"},"modified":"2021-02-22T15:54:45","modified_gmt":"2021-02-22T14:54:45","slug":"diablitos-120gr","status":"publish","type":"product","link":"https:\/\/bitsoftweb.com\/demos\/212\/produkt\/diablitos-120gr\/","title":{"rendered":"Diablitos 120gr"},"content":{"rendered":"<p>Zutaten: Schweinefleisch und Fett, Salz, Zucker, E-250 Nitrosalz, Gew\u00fcrze und Senfk\u00f6rner.<\/p>\n<p>N\u00e4hrwertangaben: Durchschnittswerte pro 100 g.<br \/>\nEnergiewert 1382 kJ \/ 330,5 kcal , Gesamtfett 27,4 g, ges\u00e4ttigtes Fett 9,7 g, Kohlenhydrate 0,5 g, zugesetzte Zucker 0,5 g, Protein 16,6 g, Sal 1,9 g.<\/p>\n","protected":false},"excerpt":{"rendered":"<p>Zutaten: Schweinefleisch und Fett, Salz, Zucker, E-250 Nitrosalz, Gew\u00fcrze und Senfk\u00f6rner. N\u00e4hrwertangaben: Durchschnittswerte pro 100 g. Energiewert 1382 kJ \/ 330,5 kcal , Gesamtfett 27,4 g, ges\u00e4ttigtes Fett 9,7 g, Kohlenhydrate 0,5 g, zugesetzte Zucker 0,5 g, Protein 16,6 g, Sal 1,9 g.<\/p>\n","protected":false},"featured_media":33151,"template":"","meta":[],"product_brand":[],"product_cat":[69],"product_tag":[],"class_list":{"0":"post-33172","1":"product","2":"type-product","3":"status-publish","4":"has-post-thumbnail","6":"product_cat-aufstriche-und-saucen","8":"first","9":"instock","10":"taxable","11":"shipping-taxable","12":"purchasable","13":"product-type-simple"},"_links":{"self":[{"href":"https:\/\/bitsoftweb.com\/demos\/212\/wp-json\/wp\/v2\/product\/33172","targetHints":{"allow":["GET"]}}],"collection":[{"href":"https:\/\/bitsoftweb.com\/demos\/212\/wp-json\/wp\/v2\/product"}],"about":[{"href":"https:\/\/bitsoftweb.com\/demos\/212\/wp-json\/wp\/v2\/types\/product"}],"wp:featuredmedia":[{"embeddable":true,"href":"https:\/\/bitsoftweb.com\/demos\/212\/wp-json\/wp\/v2\/media\/33151"}],"wp:attachment":[{"href":"https:\/\/bitsoftweb.com\/demos\/212\/wp-json\/wp\/v2\/media?parent=33172"}],"wp:term":[{"taxonomy":"product_brand","embeddable":true,"href":"https:\/\/bitsoftweb.com\/demos\/212\/wp-json\/wp\/v2\/product_brand?post=33172"},{"taxonomy":"product_cat","embeddable":true,"href":"https:\/\/bitsoftweb.com\/demos\/212\/wp-json\/wp\/v2\/product_cat?post=33172"},{"taxonomy":"product_tag","embeddable":true,"href":"https:\/\/bitsoftweb.com\/demos\/212\/wp-json\/wp\/v2\/product_tag?post=33172"}],"curies":[{"name":"wp","href":"https:\/\/api.w.org\/{rel}","templated":true}]}}